emainder when 2150 is divided by 1072?
6
What is the remainder when 318419 is divided by 53?
48
Calculate the remainder when 2133 is divided by 2125.
8
Calculate the remainder when 107986 is divided by 1636.
10
Calculate the remainder when 1562 is divided by 1483.
79
What is the remainder when 127005 is divided by 288?
285
What is the remainder when 4377 is divided by 548?
541
What is the remainder when 3322 is divided by 1767?
1555
Calculate the remainder when 609628 is divided by 9.
4
What is the remainder when 40978 is divided by 2450?
1778
Calculate the remainder when 339493 is divided by 16.
5
What is the remainder when 15382 is divided by 16?
6
Calculate the remainder when 1733888 is divided by 37.
31
Calculate the remainder when 23867 is divided by 343.
200
What is the remainder when 7444 is divided by 94?
18
What is the remainder when 1190 is divided by 418?
354
Calculate the remainder when 63726 is divided by 188.
182
Calculate the remainder when 12381 is divided by 925.
356
What is the remainder when 4854 is divided by 1615?
9
What is the remainder when 176043 is divided by 962?
959
What is the remainder when 120977 is divided by 22?
21
What is the remainder when 1706499 is divided by 125?
124
What is the remainder when 117929 is divided by 6?
5
Calculate the remainder when 43952 is divided by 4882.
14
What is the remainder when 266551 is divided by 103?
90
Calculate the remainder when 14533 is divided by 14518.
15
What is the remainder when 61994 is divided by 83?
76
Calculate the remainder when 312359 is divided by 60.
59
Calculate the remainder when 54782 is divided by 85.
42
Calculate the remainder when 35928 is divided by 1123.
1115
What is the remainder when 1346 is divided by 650?
46
What is the remainder when 2502429 is divided by 35?
34
Calculate the remainder when 144662 is divided by 48148.
218
Calculate the remainder when 13141 is divided by 3283.
9
What is the remainder when 98577 is divided by 265?
262
What is the remainder when 4623162 is divided by 1954?
1952
Calculate the remainder when 1619 is divided by 1530.
89
What is the remainder when 8662 is divided by 463?
328
What is the remainder when 100105 is divided by 21?
19
What is the remainder when 46930 is divided by 23464?
2
Calculate the remainder when 35511 is divided by 17737.
37
Calculate the remainder when 14065 is divided by 1934.
527
Calculate the remainder when 4861 is divided by 219.
43
What is the remainder when 229291 is divided by 431?
430
Calculate the remainder when 48694 is divided by 12173.
2
What is the remainder when 9743 is divided by 305?
288
Calculate the remainder when 393422 is divided by 121.
51
Calculate the remainder when 255392 is divided by 554.
552
What is the remainder when 213069 is divided by 26?
25
What is the remainder when 19202 is divided by 63?
50
Calculate the remainder when 10880596 is divided by 551.
550
Calculate the remainder when 911 is divided by 222.
23
Calculate the remainder when 1738 is divided by 455.
373
Calculate the remainder when 81514 is divided by 175.
139
What is the remainder when 5918 is divided by 5894?
24
Calculate the remainder when 3105 is divided by 120.
105
What is the remainder when 195618 is divided by 158?
14
Calculate the remainder when 5964 is divided by 881.
678
What is the remainder when 25031 is divided by 168?
167
What is the remainder when 68674 is divided by 37?
2
What is the remainder when 2025 is divided by 56?
9
What is the remainder when 241 is divided by 69?
34
What is the remainder when 81907 is divided by 27291?
34
What is the remainder when 8533 is divided by 608?
21
What is the remainder when 98189 is divided by 15?
14
What is the remainder when 134073 is divided by 41?
3
What is the remainder when 207873 is divided by 13858?
3
Calculate the remainder when 465119 is divided by 1364.
1359
What is the remainder when 2115 is divided by 166?
123
What is the remainder when 2617 is divided by 2549?
68
What is the remainder when 240002 is divided by 115?
112
What is the remainder when 1666 is divided by 1662?
4
What is the remainder when 2413 is divided by 1196?
21
What is the remainder when 121670 is divided by 8111?
5
What is the remainder when 45837 is divided by 1834?
1821
What is the remainder when 2664575 is divided by 8?
7
Calculate the remainder when 32940 is divided by 16204.
532
Calculate the remainder when 11262 is divided by 249.
57
Calculate the remainder when 109430 is divided by 748.
222
Calculate the remainder when 25618 is divided by 42.
40
Calculate the remainder when 201346 is divided by 21.
19
Calculate the remainder when 6205 is divided by 1185.
280
What is the remainder when 284396 is divided by 97?
89
Calculate the remainder when 5201 is divided by 863.
23
What is the remainder when 204517 is divided by 25561?
29
What is the remainder when 73 is divided by 7?
3
Calculate the remainder when 661 is divided by 89.
38
Calculate the remainder when 27393 is divided by 696.
249
Calculate the remainder when 123743 is divided by 22.
15
Calculate the remainder when 16041 is divided by 15976.
65
What is the remainder when 4995 is divided by 4986?
9
What is the remainder when 4897 is divided by 1305?
982
Calculate the remainder when 22802 is divided by 7596.
14
Calculate the remainder when 249006 is divided by 5.
1
Calculate the remainder when 8702 is divided by 128.
126
What is the remainder when 628 is divided by 126?
124
What is the remainder when 2230 is divided by 389?
285
What is the remainder when 22946688 is divided by 13?
11
What is the remainder when 66782 is divided by 6071?
1
What is the remainder when 16733 is divided by 108?
101
Calculate the remainder when 23630 is divided by 580.
430
What is the remainder when 2277789 is divided by 24?
21
What is the remainder when 1173027 is divided by 183?
180
Calculate the remainder when 4625 is divided by 76.
65
Calculate the remainder when 286866 is divided by 95602.
60
What is the remainder when 1660 is divided by 34?
28
What is the remainder when 5142 is divided by 2364?
414
Calculate the remainder when 2523 is divided by 170.
143
What is the remainder when 9959 is divided by 14?
5
What is the remainder when 2565 is divided by 264?
189
What is the remainder when 1742 is divided by 547?
101
Calculate the remainder when 2391 is divided by 602.
585
Calculate the remainder when 2677 is divided by 781.
334
What is the remainder when 98780 is divided by 67?
22
What is the remainder when 90019 is divided by 44975?
69
Calculate the remainder when 47789 is divided by 295.
294
What is the remainder when 197010 is divided by 131?
117
Calculate the remainder when 51315 is divided by 1655.
10
Calculate the remainder when 4641 is divided by 95.
81
What is the remainder when 87262 is divided by 87255?
7
Calculate the remainder when 34044 is divided by 11347.
3
Calculate the remainder when 4048 is divided by 1325.
73
What is the remainder when 54811 is divided by 42?
1
Calculate the remainder when 269453 is divided by 108.
101
Calculate the remainder when 31834 is divided by 1021.
183
Calculate the remainder when 24207 is divided by 24142.
65
Calculate the remainder when 634967 is divided by 317480.
7
What is the remainder when 684 is divided by 54?
36
What is the remainder when 179 is divided by 55?
14
Calculate the remainder when 56869 is divided by 118.
111
What is the remainder when 23057 is divided by 4560?
257
Calculate the remainder when 13887 is divided by 3451.
83
What is the remainder when 585368 is divided by 17?
7
What is the remainder when 1284931 is divided by 14?
11
Calculate the remainder when 3939 is divided by 1297.
48
What is the remainder when 58611 is divided by 15?
6
What is the remainder when 2628 is divided by 426?
72
What is the remainder when 5622 is divided by 1026?
492
Calculate the remainder when 164319 is divided by 492.
483
Calculate the remainder when 884 is divided by 749.
135
What is the remainder when 5228 is divided by 376?
340
What is the remainder when 164209 is divided by 27364?
25
Calculate the remainder when 1953 is divided by 701.
551
Calculate the remainder when 38814 is divided by 26.
22
Calculate the remainder when 43658 is divided by 63.
62
What is the remainder when 10192 is divided by 1